{"id":347,"date":"2025-10-24T09:58:24","date_gmt":"2025-10-24T09:58:24","guid":{"rendered":"https:\/\/robolutionkultur.com\/?page_id=347"},"modified":"2026-01-13T12:32:51","modified_gmt":"2026-01-13T12:32:51","slug":"2019-2","status":"publish","type":"page","link":"https:\/\/robolutionkultur.com\/?page_id=347","title":{"rendered":"2019-Robolution"},"content":{"rendered":"\n<div class=\"wp-block-group alignfull has-base-color has-text-color has-background has-global-padding is-layout-constrained wp-container-core-group-is-layout-7cd14b77 wp-block-group-is-layout-constrained\" style=\"background-color:#101920;margin-top:0;margin-bottom:0;padding-top:var(--wp--preset--spacing--60);padding-right:var(--wp--preset--spacing--60);padding-bottom:var(--wp--preset--spacing--60);padding-left:var(--wp--preset--spacing--60)\">\n<h2 class=\"wp-block-heading has-text-align-center has-base-color has-text-color has-link-color wp-elements-b9ee13bb9fff71742302b025c6544b08\"><strong>Robolution&#8217;<\/strong>19 G\u00f6r\u00fcnt\u00fcler<\/h2>\n\n\n<div\n    \tclass=\"free align wp-block-csb-content-slider-block\"    id='csbContentSlider-1' \n    data-attributes='{&quot;slides&quot;:[{&quot;background&quot;:{&quot;color&quot;:&quot;#00000080&quot;,&quot;type&quot;:&quot;image&quot;,&quot;image&quot;:{&quot;id&quot;:467,&quot;url&quot;:&quot;https:\\\/\\\/robolutionkultur.com\\\/wp-content\\\/uploads\\\/2026\\\/01\\\/18.jpg&quot;,&quot;alt&quot;:&quot;&quot;,&quot;title&quot;:&quot;18&quot;,&quot;caption&quot;:&quot;&quot;},&quot;position&quot;:&quot;center center&quot;,&quot;attachment&quot;:&quot;fixed&quot;,&quot;size&quot;:&quot;cover&quot;,&quot;repeat&quot;:&quot;no-repeat&quot;},&quot;border&quot;:[],&quot;position&quot;:&quot;bottom center&quot;,&quot;title&quot;:&quot;&quot;,&quot;titleColor&quot;:&quot;#fff&quot;,&quot;description&quot;:&quot;&quot;,&quot;descColor&quot;:&quot;#fff&quot;,&quot;btnText&quot;:&quot;&quot;,&quot;btnLink&quot;:&quot;&quot;,&quot;btnColors&quot;:{&quot;color&quot;:&quot;#fff&quot;,&quot;bg&quot;:&quot;#4527a4&quot;},&quot;btnHovColors&quot;:{&quot;color&quot;:&quot;#fff&quot;,&quot;bg&quot;:&quot;#8344c5&quot;}},{&quot;background&quot;:{&quot;color&quot;:&quot;#00000080&quot;,&quot;type&quot;:&quot;image&quot;,&quot;image&quot;:{&quot;id&quot;:463,&quot;url&quot;:&quot;https:\\\/\\\/robolutionkultur.com\\\/wp-content\\\/uploads\\\/2026\\\/01\\\/1.jpg&quot;,&quot;alt&quot;:&quot;&quot;,&quot;title&quot;:&quot;1&quot;,&quot;caption&quot;:&quot;&quot;},&quot;size&quot;:&quot;contain&quot;,&quot;repeat&quot;:&quot;no-repeat&quot;,&quot;attachment&quot;:&quot;local&quot;,&quot;position&quot;:&quot;center center&quot;},&quot;border&quot;:[],&quot;position&quot;:&quot;center center&quot;,&quot;childPositions&quot;:[{&quot;top&quot;:36,&quot;right&quot;:44.71,&quot;bottom&quot;:44.5,&quot;left&quot;:44.71},{&quot;top&quot;:47.5,&quot;right&quot;:34.67,&quot;bottom&quot;:52.5,&quot;left&quot;:34.67},{&quot;top&quot;:55.5,&quot;right&quot;:44.54,&quot;bottom&quot;:67,&quot;left&quot;:44.54}],&quot;title&quot;:&quot;&quot;,&quot;titleColor&quot;:&quot;#fff&quot;,&quot;description&quot;:&quot;&quot;,&quot;descColor&quot;:&quot;#fff&quot;,&quot;btnText&quot;:&quot;&quot;,&quot;btnLink&quot;:&quot;&quot;,&quot;btnColors&quot;:{&quot;color&quot;:&quot;#fff&quot;,&quot;bg&quot;:&quot;#4527a4&quot;},&quot;btnHovColors&quot;:{&quot;color&quot;:&quot;#fff&quot;,&quot;bg&quot;:&quot;#8344c5&quot;}},{&quot;background&quot;:{&quot;color&quot;:&quot;#00000080&quot;,&quot;type&quot;:&quot;image&quot;,&quot;image&quot;:{&quot;id&quot;:464,&quot;url&quot;:&quot;https:\\\/\\\/robolutionkultur.com\\\/wp-content\\\/uploads\\\/2026\\\/01\\\/2.jpg&quot;,&quot;alt&quot;:&quot;&quot;,&quot;title&quot;:&quot;2&quot;,&quot;caption&quot;:&quot;&quot;},&quot;position&quot;:&quot;center center&quot;,&quot;size&quot;:&quot;contain&quot;,&quot;repeat&quot;:&quot;no-repeat&quot;},&quot;border&quot;:[],&quot;position&quot;:&quot;center center&quot;,&quot;title&quot;:&quot;&quot;,&quot;titleColor&quot;:&quot;#fff&quot;,&quot;description&quot;:&quot;&quot;,&quot;descColor&quot;:&quot;#fff&quot;,&quot;btnText&quot;:&quot;&quot;,&quot;btnLink&quot;:&quot;&quot;,&quot;btnColors&quot;:{&quot;color&quot;:&quot;#fff&quot;,&quot;bg&quot;:&quot;#4527a4&quot;},&quot;btnHovColors&quot;:{&quot;color&quot;:&quot;#fff&quot;,&quot;bg&quot;:&quot;#8344c5&quot;}},{&quot;background&quot;:{&quot;color&quot;:&quot;#00000080&quot;,&quot;type&quot;:&quot;image&quot;,&quot;image&quot;:{&quot;id&quot;:465,&quot;url&quot;:&quot;https:\\\/\\\/robolutionkultur.com\\\/wp-content\\\/uploads\\\/2026\\\/01\\\/3.jpg&quot;,&quot;alt&quot;:&quot;&quot;,&quot;title&quot;:&quot;3&quot;,&quot;caption&quot;:&quot;&quot;},&quot;position&quot;:&quot;top center&quot;,&quot;size&quot;:&quot;contain&quot;,&quot;repeat&quot;:&quot;no-repeat&quot;,&quot;attachment&quot;:&quot;fixed&quot;},&quot;border&quot;:[],&quot;position&quot;:&quot;bottom center&quot;,&quot;title&quot;:&quot;&quot;,&quot;titleColor&quot;:&quot;#fff&quot;,&quot;description&quot;:&quot;&quot;,&quot;descColor&quot;:&quot;#fff&quot;,&quot;btnText&quot;:&quot;&quot;,&quot;btnLink&quot;:&quot;&quot;,&quot;btnColors&quot;:{&quot;color&quot;:&quot;#fff&quot;,&quot;bg&quot;:&quot;#4527a4&quot;},&quot;btnHovColors&quot;:{&quot;color&quot;:&quot;#fff&quot;,&quot;bg&quot;:&quot;#8344c5&quot;}},{&quot;background&quot;:{&quot;color&quot;:&quot;#00000080&quot;,&quot;type&quot;:&quot;image&quot;,&quot;image&quot;:{&quot;id&quot;:468,&quot;url&quot;:&quot;https:\\\/\\\/robolutionkultur.com\\\/wp-content\\\/uploads\\\/2026\\\/01\\\/4.jpg&quot;,&quot;alt&quot;:&quot;&quot;,&quot;title&quot;:&quot;4&quot;,&quot;caption&quot;:&quot;&quot;},&quot;attachment&quot;:&quot;&quot;,&quot;size&quot;:&quot;&quot;,&quot;position&quot;:&quot;center center&quot;},&quot;border&quot;:[],&quot;position&quot;:&quot;center center&quot;,&quot;childPositions&quot;:[{&quot;top&quot;:36,&quot;right&quot;:44.71,&quot;bottom&quot;:44.5,&quot;left&quot;:44.71},{&quot;top&quot;:47.5,&quot;right&quot;:34.67,&quot;bottom&quot;:52.5,&quot;left&quot;:34.67},{&quot;top&quot;:55.5,&quot;right&quot;:44.54,&quot;bottom&quot;:67,&quot;left&quot;:44.54}],&quot;title&quot;:&quot;&quot;,&quot;titleColor&quot;:&quot;#fff&quot;,&quot;description&quot;:&quot;&quot;,&quot;descColor&quot;:&quot;#fff&quot;,&quot;btnText&quot;:&quot;&quot;,&quot;btnLink&quot;:&quot;&quot;,&quot;btnColors&quot;:{&quot;color&quot;:&quot;#fff&quot;,&quot;bg&quot;:&quot;#4527a4&quot;},&quot;btnHovColors&quot;:{&quot;color&quot;:&quot;#fff&quot;,&quot;bg&quot;:&quot;#8344c5&quot;}},{&quot;background&quot;:{&quot;color&quot;:&quot;#00000080&quot;,&quot;type&quot;:&quot;image&quot;,&quot;image&quot;:{&quot;id&quot;:469,&quot;url&quot;:&quot;https:\\\/\\\/robolutionkultur.com\\\/wp-content\\\/uploads\\\/2026\\\/01\\\/5.jpg&quot;,&quot;alt&quot;:&quot;&quot;,&quot;title&quot;:&quot;5&quot;,&quot;caption&quot;:&quot;&quot;},&quot;size&quot;:&quot;contain&quot;,&quot;repeat&quot;:&quot;no-repeat&quot;},&quot;border&quot;:[],&quot;position&quot;:&quot;center center&quot;,&quot;childPositions&quot;:[{&quot;top&quot;:36,&quot;right&quot;:44.71,&quot;bottom&quot;:44.5,&quot;left&quot;:44.71},{&quot;top&quot;:47.5,&quot;right&quot;:34.67,&quot;bottom&quot;:52.5,&quot;left&quot;:34.67},{&quot;top&quot;:55.5,&quot;right&quot;:44.54,&quot;bottom&quot;:67,&quot;left&quot;:44.54}],&quot;title&quot;:&quot;&quot;,&quot;titleColor&quot;:&quot;#fff&quot;,&quot;description&quot;:&quot;&quot;,&quot;descColor&quot;:&quot;#fff&quot;,&quot;btnText&quot;:&quot;&quot;,&quot;btnLink&quot;:&quot;&quot;,&quot;btnColors&quot;:{&quot;color&quot;:&quot;#fff&quot;,&quot;bg&quot;:&quot;#4527a4&quot;},&quot;btnHovColors&quot;:{&quot;color&quot;:&quot;#fff&quot;,&quot;bg&quot;:&quot;#8344c5&quot;}},{&quot;background&quot;:{&quot;color&quot;:&quot;#00000080&quot;,&quot;type&quot;:&quot;image&quot;,&quot;image&quot;:{&quot;id&quot;:470,&quot;url&quot;:&quot;https:\\\/\\\/robolutionkultur.com\\\/wp-content\\\/uploads\\\/2026\\\/01\\\/6.jpg&quot;,&quot;alt&quot;:&quot;&quot;,&quot;title&quot;:&quot;6&quot;,&quot;caption&quot;:&quot;&quot;},&quot;position&quot;:&quot;bottom center&quot;,&quot;size&quot;:&quot;contain&quot;,&quot;repeat&quot;:&quot;no-repeat&quot;},&quot;border&quot;:[],&quot;position&quot;:&quot;center center&quot;,&quot;childPositions&quot;:[{&quot;top&quot;:36,&quot;right&quot;:44.71,&quot;bottom&quot;:44.5,&quot;left&quot;:44.71},{&quot;top&quot;:47.5,&quot;right&quot;:34.67,&quot;bottom&quot;:52.5,&quot;left&quot;:34.67},{&quot;top&quot;:55.5,&quot;right&quot;:44.54,&quot;bottom&quot;:67,&quot;left&quot;:44.54}],&quot;title&quot;:&quot;&quot;,&quot;titleColor&quot;:&quot;#fff&quot;,&quot;description&quot;:&quot;&quot;,&quot;descColor&quot;:&quot;#fff&quot;,&quot;btnText&quot;:&quot;&quot;,&quot;btnLink&quot;:&quot;&quot;,&quot;btnColors&quot;:{&quot;color&quot;:&quot;#fff&quot;,&quot;bg&quot;:&quot;#4527a4&quot;},&quot;btnHovColors&quot;:{&quot;color&quot;:&quot;#fff&quot;,&quot;bg&quot;:&quot;#8344c5&quot;}},{&quot;background&quot;:{&quot;color&quot;:&quot;#00000080&quot;,&quot;type&quot;:&quot;image&quot;,&quot;image&quot;:{&quot;id&quot;:471,&quot;url&quot;:&quot;https:\\\/\\\/robolutionkultur.com\\\/wp-content\\\/uploads\\\/2026\\\/01\\\/7.jpg&quot;,&quot;alt&quot;:&quot;&quot;,&quot;title&quot;:&quot;7&quot;,&quot;caption&quot;:&quot;&quot;},&quot;position&quot;:&quot;top center&quot;,&quot;attachment&quot;:&quot;scroll&quot;,&quot;size&quot;:&quot;contain&quot;,&quot;repeat&quot;:&quot;no-repeat&quot;},&quot;border&quot;:[],&quot;position&quot;:&quot;center center&quot;,&quot;childPositions&quot;:[{&quot;top&quot;:36,&quot;right&quot;:44.71,&quot;bottom&quot;:44.5,&quot;left&quot;:44.71},{&quot;top&quot;:47.5,&quot;right&quot;:34.67,&quot;bottom&quot;:52.5,&quot;left&quot;:34.67},{&quot;top&quot;:55.5,&quot;right&quot;:44.54,&quot;bottom&quot;:67,&quot;left&quot;:44.54}],&quot;title&quot;:&quot;&quot;,&quot;titleColor&quot;:&quot;#fff&quot;,&quot;description&quot;:&quot;&quot;,&quot;descColor&quot;:&quot;#fff&quot;,&quot;btnText&quot;:&quot;&quot;,&quot;btnLink&quot;:&quot;#&quot;,&quot;btnColors&quot;:{&quot;color&quot;:&quot;#fff&quot;,&quot;bg&quot;:&quot;#4527a4&quot;},&quot;btnHovColors&quot;:{&quot;color&quot;:&quot;#fff&quot;,&quot;bg&quot;:&quot;#8344c5&quot;}},{&quot;background&quot;:{&quot;color&quot;:&quot;#00000080&quot;,&quot;type&quot;:&quot;image&quot;,&quot;image&quot;:{&quot;id&quot;:472,&quot;url&quot;:&quot;https:\\\/\\\/robolutionkultur.com\\\/wp-content\\\/uploads\\\/2026\\\/01\\\/11.jpg&quot;,&quot;alt&quot;:&quot;&quot;,&quot;title&quot;:&quot;11&quot;,&quot;caption&quot;:&quot;&quot;},&quot;position&quot;:&quot;top center&quot;,&quot;size&quot;:&quot;contain&quot;,&quot;repeat&quot;:&quot;no-repeat&quot;},&quot;border&quot;:[],&quot;position&quot;:&quot;center center&quot;,&quot;childPositions&quot;:[{&quot;top&quot;:36,&quot;right&quot;:44.71,&quot;bottom&quot;:44.5,&quot;left&quot;:44.71},{&quot;top&quot;:47.5,&quot;right&quot;:34.67,&quot;bottom&quot;:52.5,&quot;left&quot;:34.67},{&quot;top&quot;:55.5,&quot;right&quot;:44.54,&quot;bottom&quot;:67,&quot;left&quot;:44.54}],&quot;title&quot;:&quot;&quot;,&quot;titleColor&quot;:&quot;#fff&quot;,&quot;description&quot;:&quot;&quot;,&quot;descColor&quot;:&quot;#fff&quot;,&quot;btnText&quot;:&quot;&quot;,&quot;btnLink&quot;:&quot;&quot;,&quot;btnColors&quot;:{&quot;color&quot;:&quot;#fff&quot;,&quot;bg&quot;:&quot;#4527a4&quot;},&quot;btnHovColors&quot;:{&quot;color&quot;:&quot;#fff&quot;,&quot;bg&quot;:&quot;#8344c5&quot;}}],&quot;columnGap&quot;:222,&quot;sliderWidth&quot;:&quot;400%&quot;,&quot;sliderHeight&quot;:&quot;800px&quot;,&quot;speed&quot;:3.1,&quot;align&quot;:&quot;&quot;,&quot;columns&quot;:{&quot;desktop&quot;:1,&quot;tablet&quot;:1,&quot;mobile&quot;:1},&quot;sliderAlign&quot;:&quot;center&quot;,&quot;isLoop&quot;:true,&quot;isTouchMove&quot;:true,&quot;isAutoplay&quot;:true,&quot;autoplayOptions&quot;:{&quot;delay&quot;:1.5,&quot;disableOnInteraction&quot;:false,&quot;reverseDirection&quot;:false,&quot;pauseOnMouseEnter&quot;:false,&quot;stopOnLastSlide&quot;:false},&quot;freeModeOptions&quot;:{&quot;enabled&quot;:false,&quot;sticky&quot;:false},&quot;effect&quot;:&quot;slide&quot;,&quot;keyboardOptions&quot;:{&quot;enabled&quot;:false},&quot;isMousewheel&quot;:false,&quot;isPage&quot;:true,&quot;pageOnDevice&quot;:{&quot;tablet&quot;:true,&quot;mobile&quot;:true},&quot;isPageClickable&quot;:true,&quot;isPageDynamic&quot;:true,&quot;isPrevNext&quot;:true,&quot;prevNextOnDevice&quot;:{&quot;tablet&quot;:true,&quot;mobile&quot;:true},&quot;sliderBG&quot;:{&quot;color&quot;:&quot;#0000&quot;},&quot;sliderPadding&quot;:{&quot;vertical&quot;:&quot;0px&quot;,&quot;horizontal&quot;:&quot;0px&quot;},&quot;pageColor&quot;:&quot;#fff&quot;,&quot;pageWidth&quot;:&quot;15px&quot;,&quot;pageHeight&quot;:&quot;15px&quot;,&quot;pageBorder&quot;:{&quot;radius&quot;:&quot;50%&quot;},&quot;prevNextColor&quot;:&quot;#fff&quot;,&quot;isTitle&quot;:true,&quot;titleTypo&quot;:{&quot;fontSize&quot;:{&quot;desktop&quot;:&quot;25px&quot;,&quot;tablet&quot;:&quot;22px&quot;,&quot;mobile&quot;:&quot;20px&quot;}},&quot;isDesc&quot;:true,&quot;descTypo&quot;:{&quot;fontSize&quot;:{&quot;desktop&quot;:&quot;15px&quot;}},&quot;descColor&quot;:&quot;&quot;,&quot;isBtn&quot;:true,&quot;linkTarget&quot;:&quot;_blank&quot;,&quot;btnTypo&quot;:{&quot;fontSize&quot;:{&quot;desktop&quot;:&quot;16px&quot;}},&quot;btnPadding&quot;:{&quot;vertical&quot;:&quot;12px&quot;,&quot;horizontal&quot;:&quot;35px&quot;},&quot;btnBorder&quot;:{&quot;radius&quot;:&quot;3px&quot;}}'\n><\/div>\n\n\n<figure class=\"wp-block-embed is-type-video is-provider-youtube wp-block-embed-youtube wp-embed-aspect-16-9 wp-has-aspect-ratio\"><div class=\"wp-block-embed__wrapper\">\n<iframe loading=\"lazy\" title=\"Robolution 19\" width=\"500\" height=\"281\" src=\"https:\/\/www.youtube.com\/embed\/9r2_Tsq5ZDc?feature=oembed\" frameborder=\"0\" allow=\"accelerometer; autoplay; clipboard-write; encrypted-media; gyroscope; picture-in-picture; web-share\" referrerpolicy=\"strict-origin-when-cross-origin\" allowfullscreen><\/iframe>\n<\/div><\/figure>\n<\/div>\n","protected":false},"excerpt":{"rendered":"<p>Robolution&#8217;19 G\u00f6r\u00fcnt\u00fcler<\/p>\n","protected":false},"author":1,"featured_media":0,"parent":0,"menu_order":0,"comment_status":"closed","ping_status":"closed","template":"page-no-title","meta":{"footnotes":""},"class_list":["post-347","page","type-page","status-publish","hentry"],"_links":{"self":[{"href":"https:\/\/robolutionkultur.com\/index.php?rest_route=\/wp\/v2\/pages\/347","targetHints":{"allow":["GET"]}}],"collection":[{"href":"https:\/\/robolutionkultur.com\/index.php?rest_route=\/wp\/v2\/pages"}],"about":[{"href":"https:\/\/robolutionkultur.com\/index.php?rest_route=\/wp\/v2\/types\/page"}],"author":[{"embeddable":true,"href":"https:\/\/robolutionkultur.com\/index.php?rest_route=\/wp\/v2\/users\/1"}],"replies":[{"embeddable":true,"href":"https:\/\/robolutionkultur.com\/index.php?rest_route=%2Fwp%2Fv2%2Fcomments&post=347"}],"version-history":[{"count":11,"href":"https:\/\/robolutionkultur.com\/index.php?rest_route=\/wp\/v2\/pages\/347\/revisions"}],"predecessor-version":[{"id":530,"href":"https:\/\/robolutionkultur.com\/index.php?rest_route=\/wp\/v2\/pages\/347\/revisions\/530"}],"wp:attachment":[{"href":"https:\/\/robolutionkultur.com\/index.php?rest_route=%2Fwp%2Fv2%2Fmedia&parent=347"}],"curies":[{"name":"wp","href":"https:\/\/api.w.org\/{rel}","templated":true}]}}