{"id":427,"date":"2025-12-25T11:09:44","date_gmt":"2025-12-25T11:09:44","guid":{"rendered":"https:\/\/robolutionkultur.com\/?page_id=427"},"modified":"2026-01-13T12:43:36","modified_gmt":"2026-01-13T12:43:36","slug":"2024-robolution","status":"publish","type":"page","link":"https:\/\/robolutionkultur.com\/?page_id=427","title":{"rendered":"2024-Robolution"},"content":{"rendered":"\n<div class=\"wp-block-group alignfull has-base-color has-text-color has-background has-global-padding is-layout-constrained wp-container-core-group-is-layout-ef3d885c wp-block-group-is-layout-constrained\" style=\"background-color:#101920;margin-top:0;margin-bottom:0;padding-top:var(--wp--preset--spacing--60);padding-right:var(--wp--preset--spacing--60);padding-bottom:var(--wp--preset--spacing--60);padding-left:var(--wp--preset--spacing--60)\">\n<div class=\"wp-block-group has-global-padding is-layout-constrained wp-block-group-is-layout-constrained\">\n<p class=\"has-text-align-center has-large-font-size\"><strong><em>Robolution&#8217;24 G\u00f6r\u00fcnt\u00fcler<\/em><\/strong><\/p>\n\n\n<div\n    \tclass=\"free align wp-block-csb-content-slider-block\"    id='csbContentSlider-1' \n    data-attributes='{&quot;slides&quot;:[{&quot;background&quot;:{&quot;color&quot;:&quot;#00000080&quot;,&quot;type&quot;:&quot;image&quot;,&quot;image&quot;:{&quot;id&quot;:510,&quot;url&quot;:&quot;https:\\\/\\\/robolutionkultur.com\\\/wp-content\\\/uploads\\\/2026\\\/01\\\/I80A9214-scaled.jpg&quot;,&quot;alt&quot;:&quot;&quot;,&quot;title&quot;:&quot;I80A9214&quot;,&quot;caption&quot;:&quot;&quot;},&quot;position&quot;:&quot;center center&quot;,&quot;attachment&quot;:&quot;&quot;,&quot;repeat&quot;:&quot;no-repeat&quot;,&quot;size&quot;:&quot;contain&quot;},&quot;border&quot;:[],&quot;position&quot;:&quot;top center&quot;,&quot;title&quot;:&quot;&quot;,&quot;titleColor&quot;:&quot;#fff&quot;,&quot;description&quot;:&quot;&quot;,&quot;descColor&quot;:&quot;#fff&quot;,&quot;btnText&quot;:&quot;&quot;,&quot;btnLink&quot;:&quot;&quot;,&quot;btnColors&quot;:{&quot;color&quot;:&quot;#fff&quot;,&quot;bg&quot;:&quot;#4527a4&quot;},&quot;btnHovColors&quot;:{&quot;color&quot;:&quot;#fff&quot;,&quot;bg&quot;:&quot;#8344c5&quot;}},{&quot;background&quot;:{&quot;color&quot;:&quot;#00000080&quot;,&quot;type&quot;:&quot;image&quot;,&quot;image&quot;:{&quot;id&quot;:518,&quot;url&quot;:&quot;https:\\\/\\\/robolutionkultur.com\\\/wp-content\\\/uploads\\\/2026\\\/01\\\/I80A8239-1-scaled.jpg&quot;,&quot;alt&quot;:&quot;&quot;,&quot;title&quot;:&quot;I80A8239&quot;,&quot;caption&quot;:&quot;&quot;},&quot;size&quot;:&quot;contain&quot;,&quot;repeat&quot;:&quot;no-repeat&quot;,&quot;attachment&quot;:&quot;local&quot;,&quot;position&quot;:&quot;center center&quot;},&quot;border&quot;:[],&quot;position&quot;:&quot;center center&quot;,&quot;childPositions&quot;:[{&quot;top&quot;:36,&quot;right&quot;:44.71,&quot;bottom&quot;:44.5,&quot;left&quot;:44.71},{&quot;top&quot;:47.5,&quot;right&quot;:34.67,&quot;bottom&quot;:52.5,&quot;left&quot;:34.67},{&quot;top&quot;:55.5,&quot;right&quot;:44.54,&quot;bottom&quot;:67,&quot;left&quot;:44.54}],&quot;title&quot;:&quot;&quot;,&quot;titleColor&quot;:&quot;#fff&quot;,&quot;description&quot;:&quot;&quot;,&quot;descColor&quot;:&quot;#fff&quot;,&quot;btnText&quot;:&quot;&quot;,&quot;btnLink&quot;:&quot;&quot;,&quot;btnColors&quot;:{&quot;color&quot;:&quot;#fff&quot;,&quot;bg&quot;:&quot;#4527a4&quot;},&quot;btnHovColors&quot;:{&quot;color&quot;:&quot;#fff&quot;,&quot;bg&quot;:&quot;#8344c5&quot;}},{&quot;background&quot;:{&quot;color&quot;:&quot;#00000080&quot;,&quot;type&quot;:&quot;image&quot;,&quot;image&quot;:{&quot;id&quot;:511,&quot;url&quot;:&quot;https:\\\/\\\/robolutionkultur.com\\\/wp-content\\\/uploads\\\/2026\\\/01\\\/I80A8342-scaled.jpg&quot;,&quot;alt&quot;:&quot;&quot;,&quot;title&quot;:&quot;I80A8342&quot;,&quot;caption&quot;:&quot;&quot;},&quot;position&quot;:&quot;bottom center&quot;,&quot;size&quot;:&quot;contain&quot;,&quot;repeat&quot;:&quot;no-repeat&quot;},&quot;border&quot;:[],&quot;position&quot;:&quot;center center&quot;,&quot;title&quot;:&quot;&quot;,&quot;titleColor&quot;:&quot;#fff&quot;,&quot;description&quot;:&quot;&quot;,&quot;descColor&quot;:&quot;#fff&quot;,&quot;btnText&quot;:&quot;&quot;,&quot;btnLink&quot;:&quot;&quot;,&quot;btnColors&quot;:{&quot;color&quot;:&quot;#fff&quot;,&quot;bg&quot;:&quot;#4527a4&quot;},&quot;btnHovColors&quot;:{&quot;color&quot;:&quot;#fff&quot;,&quot;bg&quot;:&quot;#8344c5&quot;}},{&quot;background&quot;:{&quot;color&quot;:&quot;#00000080&quot;,&quot;type&quot;:&quot;image&quot;,&quot;image&quot;:{&quot;id&quot;:513,&quot;url&quot;:&quot;https:\\\/\\\/robolutionkultur.com\\\/wp-content\\\/uploads\\\/2026\\\/01\\\/I80A8441-scaled.jpg&quot;,&quot;alt&quot;:&quot;&quot;,&quot;title&quot;:&quot;I80A8441&quot;,&quot;caption&quot;:&quot;&quot;},&quot;position&quot;:&quot;bottom center&quot;,&quot;size&quot;:&quot;contain&quot;,&quot;repeat&quot;:&quot;no-repeat&quot;,&quot;attachment&quot;:&quot;fixed&quot;},&quot;border&quot;:[],&quot;position&quot;:&quot;bottom center&quot;,&quot;title&quot;:&quot;&quot;,&quot;titleColor&quot;:&quot;#fff&quot;,&quot;description&quot;:&quot;&quot;,&quot;descColor&quot;:&quot;#fff&quot;,&quot;btnText&quot;:&quot;&quot;,&quot;btnLink&quot;:&quot;&quot;,&quot;btnColors&quot;:{&quot;color&quot;:&quot;#fff&quot;,&quot;bg&quot;:&quot;#4527a4&quot;},&quot;btnHovColors&quot;:{&quot;color&quot;:&quot;#fff&quot;,&quot;bg&quot;:&quot;#8344c5&quot;}},{&quot;background&quot;:{&quot;color&quot;:&quot;#00000080&quot;,&quot;type&quot;:&quot;image&quot;,&quot;image&quot;:{&quot;id&quot;:514,&quot;url&quot;:&quot;https:\\\/\\\/robolutionkultur.com\\\/wp-content\\\/uploads\\\/2026\\\/01\\\/I80A9013-scaled.jpg&quot;,&quot;alt&quot;:&quot;&quot;,&quot;title&quot;:&quot;I80A9013&quot;,&quot;caption&quot;:&quot;&quot;},&quot;attachment&quot;:&quot;initial&quot;,&quot;size&quot;:&quot;contain&quot;,&quot;position&quot;:&quot;top center&quot;,&quot;repeat&quot;:&quot;no-repeat&quot;},&quot;border&quot;:[],&quot;position&quot;:&quot;center center&quot;,&quot;childPositions&quot;:[{&quot;top&quot;:36,&quot;right&quot;:44.71,&quot;bottom&quot;:44.5,&quot;left&quot;:44.71},{&quot;top&quot;:47.5,&quot;right&quot;:34.67,&quot;bottom&quot;:52.5,&quot;left&quot;:34.67},{&quot;top&quot;:55.5,&quot;right&quot;:44.54,&quot;bottom&quot;:67,&quot;left&quot;:44.54}],&quot;title&quot;:&quot;&quot;,&quot;titleColor&quot;:&quot;#fff&quot;,&quot;description&quot;:&quot;&quot;,&quot;descColor&quot;:&quot;#fff&quot;,&quot;btnText&quot;:&quot;&quot;,&quot;btnLink&quot;:&quot;&quot;,&quot;btnColors&quot;:{&quot;color&quot;:&quot;#fff&quot;,&quot;bg&quot;:&quot;#4527a4&quot;},&quot;btnHovColors&quot;:{&quot;color&quot;:&quot;#fff&quot;,&quot;bg&quot;:&quot;#8344c5&quot;}},{&quot;background&quot;:{&quot;color&quot;:&quot;#00000080&quot;,&quot;type&quot;:&quot;image&quot;,&quot;image&quot;:{&quot;id&quot;:515,&quot;url&quot;:&quot;https:\\\/\\\/robolutionkultur.com\\\/wp-content\\\/uploads\\\/2026\\\/01\\\/I80A9222-scaled.jpg&quot;,&quot;alt&quot;:&quot;&quot;,&quot;title&quot;:&quot;I80A9222&quot;,&quot;caption&quot;:&quot;&quot;},&quot;size&quot;:&quot;contain&quot;,&quot;repeat&quot;:&quot;no-repeat&quot;},&quot;border&quot;:[],&quot;position&quot;:&quot;center center&quot;,&quot;childPositions&quot;:[{&quot;top&quot;:36,&quot;right&quot;:44.71,&quot;bottom&quot;:44.5,&quot;left&quot;:44.71},{&quot;top&quot;:47.5,&quot;right&quot;:34.67,&quot;bottom&quot;:52.5,&quot;left&quot;:34.67},{&quot;top&quot;:55.5,&quot;right&quot;:44.54,&quot;bottom&quot;:67,&quot;left&quot;:44.54}],&quot;title&quot;:&quot;&quot;,&quot;titleColor&quot;:&quot;#fff&quot;,&quot;description&quot;:&quot;&quot;,&quot;descColor&quot;:&quot;#fff&quot;,&quot;btnText&quot;:&quot;&quot;,&quot;btnLink&quot;:&quot;&quot;,&quot;btnColors&quot;:{&quot;color&quot;:&quot;#fff&quot;,&quot;bg&quot;:&quot;#4527a4&quot;},&quot;btnHovColors&quot;:{&quot;color&quot;:&quot;#fff&quot;,&quot;bg&quot;:&quot;#8344c5&quot;}},{&quot;background&quot;:{&quot;color&quot;:&quot;#00000080&quot;,&quot;type&quot;:&quot;image&quot;,&quot;image&quot;:{&quot;id&quot;:519,&quot;url&quot;:&quot;https:\\\/\\\/robolutionkultur.com\\\/wp-content\\\/uploads\\\/2026\\\/01\\\/I80A8946-scaled.jpg&quot;,&quot;alt&quot;:&quot;&quot;,&quot;title&quot;:&quot;I80A8946&quot;,&quot;caption&quot;:&quot;&quot;},&quot;position&quot;:&quot;bottom center&quot;,&quot;size&quot;:&quot;contain&quot;,&quot;repeat&quot;:&quot;no-repeat&quot;},&quot;border&quot;:[],&quot;position&quot;:&quot;center center&quot;,&quot;childPositions&quot;:[{&quot;top&quot;:36,&quot;right&quot;:44.71,&quot;bottom&quot;:44.5,&quot;left&quot;:44.71},{&quot;top&quot;:47.5,&quot;right&quot;:34.67,&quot;bottom&quot;:52.5,&quot;left&quot;:34.67},{&quot;top&quot;:55.5,&quot;right&quot;:44.54,&quot;bottom&quot;:67,&quot;left&quot;:44.54}],&quot;title&quot;:&quot;&quot;,&quot;titleColor&quot;:&quot;#fff&quot;,&quot;description&quot;:&quot;&quot;,&quot;descColor&quot;:&quot;#fff&quot;,&quot;btnText&quot;:&quot;&quot;,&quot;btnLink&quot;:&quot;&quot;,&quot;btnColors&quot;:{&quot;color&quot;:&quot;#fff&quot;,&quot;bg&quot;:&quot;#4527a4&quot;},&quot;btnHovColors&quot;:{&quot;color&quot;:&quot;#fff&quot;,&quot;bg&quot;:&quot;#8344c5&quot;}},{&quot;background&quot;:{&quot;color&quot;:&quot;#00000080&quot;,&quot;type&quot;:&quot;image&quot;,&quot;image&quot;:{&quot;id&quot;:520,&quot;url&quot;:&quot;https:\\\/\\\/robolutionkultur.com\\\/wp-content\\\/uploads\\\/2026\\\/01\\\/I80A8904-scaled.jpg&quot;,&quot;alt&quot;:&quot;&quot;,&quot;title&quot;:&quot;I80A8904&quot;,&quot;caption&quot;:&quot;&quot;},&quot;size&quot;:&quot;contain&quot;,&quot;repeat&quot;:&quot;no-repeat&quot;},&quot;border&quot;:[],&quot;position&quot;:&quot;center center&quot;,&quot;childPositions&quot;:[{&quot;top&quot;:36,&quot;right&quot;:44.71,&quot;bottom&quot;:44.5,&quot;left&quot;:44.71},{&quot;top&quot;:47.5,&quot;right&quot;:34.67,&quot;bottom&quot;:52.5,&quot;left&quot;:34.67},{&quot;top&quot;:55.5,&quot;right&quot;:44.54,&quot;bottom&quot;:67,&quot;left&quot;:44.54}],&quot;title&quot;:&quot;&quot;,&quot;titleColor&quot;:&quot;#fff&quot;,&quot;description&quot;:&quot;&quot;,&quot;descColor&quot;:&quot;#fff&quot;,&quot;btnText&quot;:&quot;&quot;,&quot;btnLink&quot;:&quot;&quot;,&quot;btnColors&quot;:{&quot;color&quot;:&quot;#fff&quot;,&quot;bg&quot;:&quot;#146EF5&quot;},&quot;btnHovColors&quot;:{&quot;color&quot;:&quot;#fff&quot;,&quot;bg&quot;:&quot;#FF7A00&quot;}},{&quot;background&quot;:{&quot;color&quot;:&quot;#00000080&quot;,&quot;type&quot;:&quot;image&quot;,&quot;image&quot;:{&quot;id&quot;:522,&quot;url&quot;:&quot;https:\\\/\\\/robolutionkultur.com\\\/wp-content\\\/uploads\\\/2026\\\/01\\\/I80A8588-scaled.jpg&quot;,&quot;alt&quot;:&quot;&quot;,&quot;title&quot;:&quot;I80A8588&quot;,&quot;caption&quot;:&quot;&quot;},&quot;size&quot;:&quot;contain&quot;,&quot;repeat&quot;:&quot;no-repeat&quot;},&quot;border&quot;:[],&quot;position&quot;:&quot;center center&quot;,&quot;childPositions&quot;:[{&quot;top&quot;:36,&quot;right&quot;:44.71,&quot;bottom&quot;:44.5,&quot;left&quot;:44.71},{&quot;top&quot;:47.5,&quot;right&quot;:34.67,&quot;bottom&quot;:52.5,&quot;left&quot;:34.67},{&quot;top&quot;:55.5,&quot;right&quot;:44.54,&quot;bottom&quot;:67,&quot;left&quot;:44.54}],&quot;title&quot;:&quot;&quot;,&quot;titleColor&quot;:&quot;#fff&quot;,&quot;description&quot;:&quot;&quot;,&quot;descColor&quot;:&quot;#fff&quot;,&quot;btnText&quot;:&quot;&quot;,&quot;btnLink&quot;:&quot;&quot;,&quot;btnColors&quot;:{&quot;color&quot;:&quot;#fff&quot;,&quot;bg&quot;:&quot;#146EF5&quot;},&quot;btnHovColors&quot;:{&quot;color&quot;:&quot;#fff&quot;,&quot;bg&quot;:&quot;#FF7A00&quot;}},{&quot;background&quot;:{&quot;color&quot;:&quot;#00000080&quot;,&quot;type&quot;:&quot;image&quot;,&quot;image&quot;:{&quot;id&quot;:534,&quot;url&quot;:&quot;https:\\\/\\\/robolutionkultur.com\\\/wp-content\\\/uploads\\\/2026\\\/01\\\/I80A9143-1-scaled.jpg&quot;,&quot;alt&quot;:&quot;&quot;,&quot;title&quot;:&quot;I80A9143 (1)&quot;,&quot;caption&quot;:&quot;&quot;},&quot;size&quot;:&quot;contain&quot;,&quot;repeat&quot;:&quot;no-repeat&quot;},&quot;border&quot;:[],&quot;position&quot;:&quot;center center&quot;,&quot;childPositions&quot;:[{&quot;top&quot;:36,&quot;right&quot;:44.71,&quot;bottom&quot;:44.5,&quot;left&quot;:44.71},{&quot;top&quot;:47.5,&quot;right&quot;:34.67,&quot;bottom&quot;:52.5,&quot;left&quot;:34.67},{&quot;top&quot;:55.5,&quot;right&quot;:44.54,&quot;bottom&quot;:67,&quot;left&quot;:44.54}],&quot;title&quot;:&quot;&quot;,&quot;titleColor&quot;:&quot;#fff&quot;,&quot;description&quot;:&quot;&quot;,&quot;descColor&quot;:&quot;#fff&quot;,&quot;btnText&quot;:&quot;&quot;,&quot;btnLink&quot;:&quot;&quot;,&quot;btnColors&quot;:{&quot;color&quot;:&quot;#fff&quot;,&quot;bg&quot;:&quot;#146EF5&quot;},&quot;btnHovColors&quot;:{&quot;color&quot;:&quot;#fff&quot;,&quot;bg&quot;:&quot;#FF7A00&quot;}},{&quot;background&quot;:{&quot;color&quot;:&quot;#00000080&quot;,&quot;type&quot;:&quot;image&quot;,&quot;image&quot;:{&quot;id&quot;:535,&quot;url&quot;:&quot;https:\\\/\\\/robolutionkultur.com\\\/wp-content\\\/uploads\\\/2026\\\/01\\\/I80A9165-1-scaled.jpg&quot;,&quot;alt&quot;:&quot;&quot;,&quot;title&quot;:&quot;I80A9165 (1)&quot;,&quot;caption&quot;:&quot;&quot;},&quot;size&quot;:&quot;contain&quot;,&quot;repeat&quot;:&quot;no-repeat&quot;},&quot;border&quot;:[],&quot;position&quot;:&quot;center center&quot;,&quot;childPositions&quot;:[{&quot;top&quot;:36,&quot;right&quot;:44.71,&quot;bottom&quot;:44.5,&quot;left&quot;:44.71},{&quot;top&quot;:47.5,&quot;right&quot;:34.67,&quot;bottom&quot;:52.5,&quot;left&quot;:34.67},{&quot;top&quot;:55.5,&quot;right&quot;:44.54,&quot;bottom&quot;:67,&quot;left&quot;:44.54}],&quot;title&quot;:&quot;&quot;,&quot;titleColor&quot;:&quot;#fff&quot;,&quot;description&quot;:&quot;&quot;,&quot;descColor&quot;:&quot;#fff&quot;,&quot;btnText&quot;:&quot;&quot;,&quot;btnLink&quot;:&quot;&quot;,&quot;btnColors&quot;:{&quot;color&quot;:&quot;#fff&quot;,&quot;bg&quot;:&quot;#146EF5&quot;},&quot;btnHovColors&quot;:{&quot;color&quot;:&quot;#fff&quot;,&quot;bg&quot;:&quot;#FF7A00&quot;}}],&quot;columnGap&quot;:222,&quot;sliderWidth&quot;:&quot;400%&quot;,&quot;sliderHeight&quot;:&quot;800px&quot;,&quot;speed&quot;:3.1,&quot;align&quot;:&quot;&quot;,&quot;columns&quot;:{&quot;desktop&quot;:1,&quot;tablet&quot;:1,&quot;mobile&quot;:1},&quot;sliderAlign&quot;:&quot;center&quot;,&quot;isLoop&quot;:true,&quot;isTouchMove&quot;:true,&quot;isAutoplay&quot;:true,&quot;autoplayOptions&quot;:{&quot;delay&quot;:1.5,&quot;disableOnInteraction&quot;:false,&quot;reverseDirection&quot;:false,&quot;pauseOnMouseEnter&quot;:false,&quot;stopOnLastSlide&quot;:false},&quot;freeModeOptions&quot;:{&quot;enabled&quot;:false,&quot;sticky&quot;:false},&quot;effect&quot;:&quot;slide&quot;,&quot;keyboardOptions&quot;:{&quot;enabled&quot;:false},&quot;isMousewheel&quot;:false,&quot;isPage&quot;:true,&quot;pageOnDevice&quot;:{&quot;tablet&quot;:true,&quot;mobile&quot;:true},&quot;isPageClickable&quot;:true,&quot;isPageDynamic&quot;:true,&quot;isPrevNext&quot;:true,&quot;prevNextOnDevice&quot;:{&quot;tablet&quot;:true,&quot;mobile&quot;:true},&quot;sliderBG&quot;:{&quot;color&quot;:&quot;#0000&quot;},&quot;sliderPadding&quot;:{&quot;vertical&quot;:&quot;0px&quot;,&quot;horizontal&quot;:&quot;0px&quot;},&quot;pageColor&quot;:&quot;#fff&quot;,&quot;pageWidth&quot;:&quot;15px&quot;,&quot;pageHeight&quot;:&quot;15px&quot;,&quot;pageBorder&quot;:{&quot;radius&quot;:&quot;50%&quot;},&quot;prevNextColor&quot;:&quot;#fff&quot;,&quot;isTitle&quot;:true,&quot;titleTypo&quot;:{&quot;fontSize&quot;:{&quot;desktop&quot;:&quot;25px&quot;,&quot;tablet&quot;:&quot;22px&quot;,&quot;mobile&quot;:&quot;20px&quot;}},&quot;isDesc&quot;:true,&quot;descTypo&quot;:{&quot;fontSize&quot;:{&quot;desktop&quot;:&quot;15px&quot;}},&quot;descColor&quot;:&quot;&quot;,&quot;isBtn&quot;:true,&quot;linkTarget&quot;:&quot;_blank&quot;,&quot;btnTypo&quot;:{&quot;fontSize&quot;:{&quot;desktop&quot;:&quot;16px&quot;}},&quot;btnPadding&quot;:{&quot;vertical&quot;:&quot;12px&quot;,&quot;horizontal&quot;:&quot;35px&quot;},&quot;btnBorder&quot;:{&quot;radius&quot;:&quot;3px&quot;}}'\n><\/div><\/div>\n<\/div>\n","protected":false},"excerpt":{"rendered":"<p>Robolution&#8217;24 G\u00f6r\u00fcnt\u00fcler<\/p>\n","protected":false},"author":1,"featured_media":0,"parent":0,"menu_order":0,"comment_status":"closed","ping_status":"closed","template":"page-no-title","meta":{"footnotes":""},"class_list":["post-427","page","type-page","status-publish","hentry"],"_links":{"self":[{"href":"https:\/\/robolutionkultur.com\/index.php?rest_route=\/wp\/v2\/pages\/427","targetHints":{"allow":["GET"]}}],"collection":[{"href":"https:\/\/robolutionkultur.com\/index.php?rest_route=\/wp\/v2\/pages"}],"about":[{"href":"https:\/\/robolutionkultur.com\/index.php?rest_route=\/wp\/v2\/types\/page"}],"author":[{"embeddable":true,"href":"https:\/\/robolutionkultur.com\/index.php?rest_route=\/wp\/v2\/users\/1"}],"replies":[{"embeddable":true,"href":"https:\/\/robolutionkultur.com\/index.php?rest_route=%2Fwp%2Fv2%2Fcomments&post=427"}],"version-history":[{"count":11,"href":"https:\/\/robolutionkultur.com\/index.php?rest_route=\/wp\/v2\/pages\/427\/revisions"}],"predecessor-version":[{"id":536,"href":"https:\/\/robolutionkultur.com\/index.php?rest_route=\/wp\/v2\/pages\/427\/revisions\/536"}],"wp:attachment":[{"href":"https:\/\/robolutionkultur.com\/index.php?rest_route=%2Fwp%2Fv2%2Fmedia&parent=427"}],"curies":[{"name":"wp","href":"https:\/\/api.w.org\/{rel}","templated":true}]}}